se -249 - 4101 = -145*u. What is the remainder when 83 is divided by u?
23
Let a = 435 - 369. What is the remainder when 125 is divided by a?
59
Let z = 826 + -450. Suppose m = 9*m - z. What is the remainder when m is divided by 12/1 + (-2 - -2)?
11
Let n(i) = -6*i - 3. Suppose 5*f + 4*l = -123 + 375, 0 = -5*f + 3*l + 266. What is the remainder when f is divided by n(-5)?
25
Let h = 5 - -4. Suppose 0*a + h = 3*a. Suppose 36 = a*l - 12. What is the remainder when 46 is divided by l?
14
Suppose -64 + 374 = 5*w. What is the remainder when w is divided by 26?
10
Suppose 0 = -w - 4 - 0. Let h be -11 + w/4 + 3. Calculate the remainder when (-194)/(-8) - h/12 is divided by 13.
12
Let d be (1717/(-34))/(2/4). Let n = d - -136. What is the remainder when n is divided by 12?
11
Let s be 1*((-9)/(-1))/(-3). What is the remainder when ((-2)/(-6))/((-4)/(-1236)) is divided by (520/30)/((-2)/s)?
25
Suppose -2*l = 6, 2*l + 0*l - 4 = 2*x. Calculate the remainder when 40 is divided by ((-546)/65)/(2/x).
19
Let f be 1*1/(5 - 4). Suppose 8*j = -f + 89. What is the remainder when j is divided by 6?
5
Let i be (0 + 2)/(18/477). Suppose -i = 6*u - 7*u. Calculate the remainder when u is divided by 8.
5
Let v = -44 + 47. Calculate the remainder when (-195)/(-21) + (-4)/14 is divided by v.
0
Let o = 1314 + -1297. Calculate the remainder when 2753 is divided by o.
16
What is the remainder when 72 is divided by 18 - (4 + 1 + -2)?
12
Let n(q) = q**2 - q + 1. Let u(h) = -h**3 + 5*h**2 - 10*h - 12. Let i(o) = -4*n(o) - u(o). Calculate the remainder when 15 is divided by i(7).
7
Suppose f = -3*i + 316, -15*f + 11*f - 538 = -5*i. Suppose -3 = 3*r - 87. Calculate the remainder when i is divided by r.
22
Calculate the remainder when 797 is divided by 6/9*(-162)/(-12).
5
Suppose 4*k - 15 - 52 = 5*v, 5*v = -2*k + 11. Calculate the remainder when 427 is divided by k.
11
Suppose 4*c - 5*f = 23, 3*c + 0*f + 3*f = -3. Suppose c*v = 15 + 21. What is the remainder when 49 is divided by v?
13
Let m be (-12)/10*10/(-4). Suppose -14*t + 11*t + m = 0. Calculate the remainder when t is divided by 1.
0
Let u(o) = -19*o - 73. Let g be u(-6). Suppose 2*q = -4*f - 0*f + 74, 2*f = 3*q + g. Let n = 12 + -5. Calculate the remainder when f is divided by n.
5
Suppose -8*v = -37 - 683. What is the remainder when v is divided by 24?
18
Let d(f) = -f + 30. Let g(u) = u**3 + u**2 - u + 17. What is the remainder when d(0) is divided by g(0)?
13
Let a(l) = 6 + l**2 - 5 - 7*l + 0. What is the remainder when a(10) is divided by 16?
15
Let f(y) = -751*y + 3*y**2 + 753*y + 10 - 4. What is the remainder when f(-2) is divided by 8?
6
Let i be 7 - (-5)/((-20)/16). Calculate the remainder when (8/(-12))/(i/(-243)*2) is divided by (-7)/(-4)*4*1.
6
Suppose 0*d = 4*d - 0*d. Suppose i - 29 + 12 = d. Let q = 23 + 10. Calculate the remainder when q is divided by i.
16
Suppose -5*l + 3 = v - 21, -v - 3*l = -16. Suppose 10*j - 21 = 9. Suppose 48 = 2*z + j*h, -4*z = -9*z - v*h + 106. What is the remainder when z is divided by 7?
4
Let p(u) = 186*u**2 - 3*u + 3. Suppose -5*k + 8 = -3*s, 4*k - 5 = -0*s + s. What is the remainder when p(k) is divided by 21?
18
Let v = 191 + -93. What is the remainder when v is divided by 20?
18
Let j = 227 + -204. What is the remainder when 84 is divided by j?
15
Let i(t) = t**3 - 4*t - 12. Let b be i(0). Let g = -5 - b. What is the remainder when 15 is divided by g?
1
Let o = 5 + -15. Suppose 2*d - 2*t + t - 47 = 0, -4*t - 20 = 0. Calculate the remainder when ((-15)/o)/(1/26) is divided by d.
18
Let k(w) = -w**2 - w - 2. Let r be k(-3). Let f = r + 8. Suppose 6*j + f*j = 54. What is the remainder when 42 is divided by j?
6
Calculate the remainder when 8/16*-14*20/(-5) is divided by 16.
12
Suppose 4 = -3*d + 67. Suppose 5*u - d - 149 = 0. What is the remainder when u is divided by 9?
7
Calculate the remainder when 2261/9 - (-9)/((-324)/8) is divided by 28.
27
Suppose 0 = i, -4*k - 6 + 58 = 3*i. Calculate the remainder when 387 is divided by k.
10
Suppose 0 = m - d - 66, 3*m + d + 4*d = 238. What is the remainder when m is divided by 38?
33
Let u(k) = 3*k**3 - k - 6*k**2 - 4*k**3 + 5*k + 2*k. Let n(p) = 4*p**2 + 3*p - 2. What is the remainder when n(2) is divided by u(-7)?
6
Suppose 7*m + 109 = 361. What is the remainder when 175 is divided by m?
31
Let k(u) = 10*u**2 + 0*u - 10 + u**2 + 4*u**3 - 3*u**3 - 7*u. Let a be k(-8). Let g = a + -133. Calculate the remainder when g is divided by 18.
15
Let z(r) = 2*r**2 + 5*r - 12. Calculate the remainder when z(-11) is divided by 63.
49
Let k(q) = -q**3 - q**2 - q + 67. Let a be k(0). Let i be (-12)/(-14) + (4/(-2))/(-14). Calculate the remainder when (i - 3) + a - -2 is divided by 14.
11
Let a = 8 - 6. Let n be ((-1)/a)/((-2)/16). Suppose -n*f + 43 = -45. Calculate the remainder when 65 is divided by f.
21
Let y(x) = -21*x - 38. What is the remainder when y(-12) is divided by 9?
7
Calculate the remainder when 225 is divided by (3/((-30)/(-4)))/((-55)/(-5225)).
35
Let x(j) = -3*j - 3. Let b be x(-2). Let y(f) = 2*f**3 - 2*f**2 + f - 1. What is the remainder when y(b) is divided by 1066/273 - 4 - 212/(-21)?
8
Let t = 1516 + -573. Calculate the remainder when t is divided by 86.
83
Suppose -3*b + 2*b + 3 = 0. What is the remainder when (8/(-2))/4 - -14 is divided by b?
1
Let z(d) = -11*d - 30. Let y = -68 + 60. Calculate the remainder when z(y) is divided by 12.
10
Suppose 137*n - 4 = 133*n. Suppose -2*t = -8 + 2. Suppose -i = 2*i - t. What is the remainder when i is divided by n?
0
Let x = -14 + 26. Suppose 3*o - 5*w = 56, w = -o - 0*o + 32. Calculate the remainder when o is divided by x/48 + (-118)/(-8).
12
Calculate the remainder when 64 is divided by (-174)/4*356/(-267).
6
Let h(a) = 91*a - 208. What is the remainder when h(6) is divided by 5?
3
Suppose -4*v = 10 - 22. What is the remainder when -190 - -183 - (2 - 33) is divided by v?
0
Let w(r) = 3*r**2 - 7*r + 7. Let d be w(1). Suppose -d*b + 0 = -90. What is the remainder when 179 is divided by b?
29
Let l be (-6)/(-24) - (-122)/(-8). Let v = 32 + l. What is the remainder when 118 is divided by v?
16
Suppose 57*k = 54*k + 102. Suppose n + 0 = 5. What is the remainder when k is divided by n?
4
Let o(l) = 3*l - 4. Let m be o(3). Let d = -1 + m. Let k(g) = -16*g - 94. Calculate the remainder when d is divided by k(-6).
0
Let c(a) = -3 + 11 - 2*a + 6*a**2 - 5*a**2. Let r be c(8). Suppose 29 = 3*g + 5*m, m - 3*m - r = -4*g. What is the remainder when 37 is divided by g?
11
Let p = 8 - -14. Suppose -x + 74 = 5*r, 2*r + 3*r = 5*x - 310. What is the remainder when x is divided by p?
20
Suppose 174 = -o + 177. What is the remainder when (7/o)/(3*(-2)/(-54)) is divided by 12?
9
Let d(q) = -3*q + 10. Suppose -v - 9 = -0*v. Suppose 5 = 2*u + 5*k, -2*k - 7 + 1 = 0. What is the remainder when d(v) is divided by u?
7
Let r(s) = -s**3 - 21*s**2 + 17*s - 72. What is the remainder when 245 is divided by r(-22)?
17
Suppose -3*z + 310 = -224. What is the remainder when z is divided by 47?
37
Let v = -1726 + 1762. Calculate the remainder when 60 is divided by v.
24
Let w(r) = 4*r - 4*r**2 + 2*r**2 + 3*r**2 - 2 + 0. Calculate the remainder when 19 is divided by w(2).
9
Suppose 404 = 5*l + 4*s - 55, 5*l - 5*s - 495 = 0. Let u = 31 + -17. What is the remainder when l is divided by u?
11
Let s(o) = -6*o + 8. Let l(p) = -293*p + 1187. What is the remainder when s(-6) is divided by l(4)?
14
Let r(s) = -s**2 + 12*s - 5. Suppose 2*u + 2*u = 20. Suppose 0 = u*t + 5*k - 6*k - 59, -3*t - 3*k + 21 = 0. What is the remainder when 23 is divided by r(t)?
5
Suppose -o = 2*b + 2, 8*b + 5 = 3*b - 3*o. Let h(s) = 4*s + 1. Let r be h(-4). Calculate the remainder when 28 is divided by (b + -5)*r/6.
13
Suppose 4*l = -4*v + 513 - 109, 2*l - 5*v - 174 = 0. Let r be 68 + 0 + (-4)/2. Let t = l - r. Calculate the remainder when t is divided by 11.
9
Suppose -5*n + 4*y + 59 = 0, -19*y = -21*y - 2. Suppose m = 2*f + 39, 4*m - 65 - 51 = -2*f. Calculate the remainder when m is divided by n.
9
Suppose -5*z + 190 = -z - 2*q, 0 = -3*q + 15. Suppose -11*c = -3*c - 136. Calculate the remainder when z is divided by c.
16
Let v(u) = -5*u - 14. Calculate the remainder when 8/(-18) - 98072/(-828) is divided by v(-9).
25
Suppose 5*q + 15 = -5*g, 0 =